0*l = 4*l - 2. Suppose m*c - 123 - 309 = 0. Suppose 0 = -2*b - 0*t + 4*t + 78, 0 = 3*b + 3*t - c. List the prime factors of b.
3, 5
Suppose 4350 = -128*f + 134*f. What are the prime factors of f?
5, 29
Let s(o) = -130*o - 9*o**2 + 130*o. Let u be s(-1). What are the prime factors of 25 - (u + 3 + 3)?
2, 7
Let z(h) = h**3 + 25*h**2 + 27*h + 7. What are the prime factors of z(-23)?
2, 3, 37
Let y be ((-18)/3)/((-1)/30). List the prime factors of ((-2)/(-5))/(2/y).
2, 3
Let r = -22 + 27. Suppose l = -r*o + 14, -4*l + 2*o - 24 = 6*o. Let a(b) = b**3 + 12*b**2 + 7*b + 10. What are the prime factors of a(l)?
2, 3
Let t = 2308 + -836. What are the prime factors of t?
2, 23
Suppose 22 = 3*g + 2*g - 2*x, -x + 4 = 0. List the prime factors of g/(-21) - (-1180)/14 - 0.
2, 3, 7
What are the prime factors of (18/(-4))/(9/(-1368)*3)?
2, 3, 19
Let q(u) = -5*u + 18. Let x be q(4). What are the prime factors of (x - (-6744)/27) + 10/45?
2, 31
Let i(z) = -2*z**2 + 7*z. Let t be i(5). Suppose -y - 4 - 17 = 0. Let f = t - y. List the prime factors of f.
2, 3
Let y = 9 + -9. Let o(v) = 0*v**3 - 4*v + y*v**3 - 2*v**3 - 4 - 5*v**2. List the prime factors of o(-3).
17
Let z(y) = -20*y + 6. Let u(r) = 2*r - 1. Let l be u(-2). List the prime factors of z(l).
2, 53
Let y be -3 + (-18)/(-4)*24/(-9). Let d = y + 57. What are the prime factors of d?
2, 3, 7
Suppose 3*m - m = 6. Suppose j + 2*q = -0*q + 39, -m*j - 5*q + 120 = 0. List the prime factors of j.
3, 5
List the prime factors of 2/4*265*(-8)/(-10).
2, 53
Let s(m) = -7*m**3 + m**2 - 3. Let f be s(-3). Suppose -f = -2*k - k. What are the prime factors of k?
5, 13
Let w be 1/(-2)*2*-2. Suppose w*g - 4*g + 8 = 0. Suppose -5*l = -3*t - t + 115, g*t = -2*l + 94. What are the prime factors of t?
5
Suppose 0 = -1372*z + 1373*z - 5391. List the prime factors of z.
3, 599
Let s be 25/(-5) + 253 + 0/(-2). Suppose -3*b = -145 - s. What are the prime factors of b?
131
Let p(b) = 5*b**3 + 2*b**2 - 6*b + 1. Suppose -2 - 12 = -5*r - g, 0 = -5*r + 4*g - 6. What are the prime factors of p(r)?
37
Let z(h) = -9*h - 7*h**2 + 0*h**2 + 4*h**2 - 18 + 5*h**2. List the prime factors of z(-7).
11, 13
Let p(x) = -x**3 - 25*x**2 + 62*x - 21. Let i be p(-27). Let c = -66 - i. What are the prime factors of c?
3, 19
Let g(q) = 4*q + 52. Let z be g(-13). Suppose z = 3*p - p - 3*m - 344, 3*p = -2*m + 503. What are the prime factors of p?
13
Let u = 22 - 19. Suppose 8*o = 5*g + u*o - 175, 3*g + 3*o - 81 = 0. What are the prime factors of g?
31
Let s(n) = 2*n**2 - 8. Let y be s(-6). Let p(h) = 2*h**2 + 2*h - 2. Let q be p(1). Suppose -q*k + 7*o - 2*o = -4, -o + y = 5*k. List the prime factors of k.
2, 3
Let d(c) = -2*c**2 - 22*c - 16. Let g be d(-10). Suppose g*p - 3*m = 2*m + 554, 0 = -4*m + 8. What are the prime factors of p?
3, 47
Suppose 0 = -199*r + 224*r - 64450. What are the prime factors of r?
2, 1289
Suppose 0 = 2*p + 5*a - 26, -3*p - 11 = -4*p - 2*a. Let k(c) = -4*c - 17 + p*c + 3*c. List the prime factors of k(12).
7
Suppose 12*m = 21*m - 27. Suppose 0 = m*n + 3*y - 72 - 123, 3*n - 193 = -y. What are the prime factors of n?
2
Let y = 606 + 898. What are the prime factors of y?
2, 47
Let d = 1018 - 143. What are the prime factors of d?
5, 7
Suppose 0 = 5*x - 9895 - 6295. What are the prime factors of x?
2, 1619
Suppose -2*j + 2 = 5*y, -3*j = 4*y - 8 - 2. Let b(l) = -l**3 + 8*l**2 + 4*l + 20. List the prime factors of b(j).
2, 29
Suppose 5*r = 2*u - 5340, -6*r + 28 = u - 2608. List the prime factors of u.
2, 5, 7, 19
Suppose 129 = 15*v - 276. List the prime factors of v.
3
Let u(t) = t**3 - t**2 - 3. Let a be u(3). Suppose -2*s + a = s, 32 = 2*p - 2*s. What are the prime factors of (-6)/p + 172/14?
2, 3
Let f(q) = 276*q - 97. What are the prime factors of f(6)?
1559
What are the prime factors of 3/6 - 67827/(-46)?
5, 59
Let o be ((-2)/(-4))/((-3)/198). List the prime factors of ((-2684)/o)/(4/6).
2, 61
Let m be ((-12)/(-9))/((-1)/24). Let g be 59/7 + m/(-56). Suppose -g*f + 84 = -5*f. List the prime factors of f.
3, 7
List the prime factors of 1113 - -14*(-3)/6.
2, 7, 79
Suppose -2*j = j - 6. Suppose 2*m + j*c = -c + 47, 3*c - 97 = -4*m. Suppose 4*d = -5*z + 37, 2*z - m = -5*d - 0*z. What are the prime factors of d?
3
Suppose 17*t + 26*t = 70692. List the prime factors of t.
2, 3, 137
Suppose 25 = -7*k + 2*k - 5*h, k + 14 = -4*h. Let d be -1 + (0 - k) + 3. What are the prime factors of (d/(-6))/(2/(-18))?
2, 3
Suppose -13 = -2*q - 17. List the prime factors of 8/(q - -4) + 40.
2, 11
Let k = 236 + 548. List the prime factors of k.
2, 7
Let y be (1 - 3) + (-36)/(-6). Suppose -y*l + 3 = 7. What are the prime factors of (1 - l)/(18/63)?
7
List the prime factors of (-2)/(-8) + (-10754)/(-152).
71
Let m(u) = u**3 - 5*u**2 - 3*u - 6. Let s be m(6). Let a be 3/s - 11/(-4). Suppose -p - 45 = -q - a*p, -5*q + 264 = -3*p. What are the prime factors of q?
3, 17
Let n = 174 + -122. Suppose -4*q + t - n + 304 = 0, -3*q - 5*t = -189. Suppose -q = -5*s - 18. What are the prime factors of s?
3
Let g = -25 + 30. Suppose f - b + 4*b = 3, -g*f = -2*b - 15. Suppose -f*l + 183 = 3*j, -5*j = 3*l - 4*j - 183. What are the prime factors of l?
61
Suppose -2*g + i + 1 = 0, -3*i + 4 = 3*g - 4*i. Suppose g*c + 0*c - 3*w - 120 = 0, w - 86 = -2*c. What are the prime factors of c?
2, 3, 7
Let g(l) = -l**3 + 4*l**2 - l - 4. Let i be g(3). Suppose -6 - 7 = -2*m - 3*o, 0 = -m + 3*o + 11. Let d = m - i. What are the prime factors of d?
2, 3
Let q(s) = 138*s - 38. What are the prime factors of q(15)?
2, 127
Suppose -432 = -3*z - z. Let l be (10 - 14) + -1*(40 - -3). Let u = l + z. What are the prime factors of u?
61
Let i = -62 + 69. Suppose 2*y = i*y + 3*h - 848, 5*h - 850 = -5*y. What are the prime factors of y?
13
Suppose -4*r + 2*b = -2, -r + 4*r + 2*b = 19. Suppose 9*m + r*m = 732. List the prime factors of m.
61
Suppose -29 = -5*q + 4*l, -5*l + 12 = -2*l. Let g(c) = c**2 - 3*c - 12. List the prime factors of g(q).
2, 3, 7
Let j(b) = 8*b + 3. Let w(c) = c + 1. Let i(p) = -p - 4. Let v be i(-6). Let d(r) = v*w(r) - j(r). What are the prime factors of d(-6)?
5, 7
Let m(k) = 2*k - 6 + 25 + 4*k - 4*k. What are the prime factors of m(6)?
31
List the prime factors of 3*1/6*574*10.
2, 5, 7, 41
Let g(y) = -17*y - 4. Let h(r) = 16*r + 4. Let o(u) = 2*g(u) + 3*h(u). Let x be o(-5). List the prime factors of x/(-5)*(-15)/(-6).
3, 11
Suppose -17 = -3*y - 4*s, -7 = -5*y + s + 3*s. Suppose 5*b - 28 = -2*z, -2*b - y*z = -z - 10. What are the prime factors of b?
2, 3
Let k(n) = 7*n**3 - 11*n**2 + 16*n - 8. List the prime factors of k(6).
2, 7, 43
Suppose 2*n + 11 = -r - 2, -5*n - 2*r = 33. What are the prime factors of (3/6)/(n/(-224))?
2
Let p be ((-6)/4)/(48/(-22784)). Let m = p - 484. What are the prime factors of m?
2, 3, 19
Let n(b) = 490*b**2 + 10*b + 13. List the prime factors of n(-2).
3, 7, 31
Let s be (0 + (-2)/4)/((-55)/1540). Suppose -1755 = a - s*a. List the prime factors of a.
3, 5
Let j(w) = 3*w + 4. Let z be (-159)/(-4) - 2/(-8). Suppose 4*h + 4 = z. What are the prime factors of j(h)?
31
What are the prime factors of 10*3/45 + (-6940)/(-12)?
3, 193
Let q(x) = 3 + 2*x - 4 - 1. Let g be q(7). Suppose 0 = -3*y + g, -161 = -5*d + 4*y - 62. What are the prime factors of d?
23
Let d = -73 + 549. List the prime factors of d.
2, 7, 17
Let p be 10/2 + 2/1. Let a(y) = y**3 - 8*y**2 + 8*y - 7. Let t be a(p). Suppose t = 2*r - 100 + 20. List the prime factors of r.
2, 5
Let b(x) be the second derivative of 0 + 1/12*x**4 + 7*x + 1/3*x**3 + 2*x**2. List the prime factors of b(3).
19
Suppose -2*u + 0*r + 3*r = 0, 5*r = 3*u + 1. Suppose 0 = -u*n + 4*n - 4*a - 166, -a = -5*n + 830. What are the prime factors of n?
2, 83
List the prime factors of -1980*(-8)/8 - -7.
1987
Suppose 25302 + 11029 = 47*m. List the prime factors of m.
773
Let r = 13 - 9. Suppose r*f = 5*f - 15. List the prime factors of f.
3, 5
Suppose -x = 4*y - 13, 0 = -2*y - 2*y + 5*x - 17. Suppose -5*o = -y + 42. Let v(r) = -4*r - 9. What are the prime factors of v(o)?
23
Let r(k) = 3*k**3 + 2*k**2 + k + 3. List the prime factors of r(3).
3, 5, 7
Let h be -3*(-6)/(-9) + 584. Suppose 5*d + a - h = 0, -4*a = d - 3*a - 118. What are the prime factors of d?
2, 29
List the prime factors of 71316/105 - (-2)/(-10).
7, 97
Let d(